8 and t.
28
Suppose -36*f - 146 = -1406. What is the greatest common divisor of 784 and f?
7
Suppose -157*i + 6486 = -16*i. Calculate the greatest common factor of i and 2323.
23
Let j(a) = 5*a**2 + 6*a + 1. Let k be j(0). Suppose 4*s = 8 - 20. Let c be s/(k*(-3 + 2)). What is the highest common factor of 12 and c?
3
Suppose -487590 - 308615 = -203*x + 535678. Calculate the highest common factor of 54 and x.
27
Let h(m) = m**3 + 3*m - 5. Let d be h(4). Let w = d + -68. Suppose -2*i = 2, -2*p - w*i + 2 = -1. Calculate the greatest common divisor of p and 9.
3
Let s be 1*4*(54/12 + -5). Let g be -1 + s + (-2 + 3)*9. Let t(p) = -p**3 + 6*p**2 + 14*p - 19. Let j be t(g). What is the greatest common divisor of j and 5?
5
Suppose 66 = -4*f + 7*f - 3*s, 0 = -2*f - 4*s + 74. Let m be 1950/f + (56/36)/(-7). Calculate the highest common divisor of m and 45.
9
Suppose 3*w + 42 = 4*m - 11, w = m - 13. Suppose 138 = m*b - 114. What is the greatest common factor of b and 78?
6
Suppose -71 - 34 = -3*d. Let m be 7/5 + (-14)/d. Let y(w) = -w**3 - 6*w**2 - 6*w - 3. Let n be y(-5). Calculate the greatest common factor of m and n.
1
Let c be ((-10)/8)/(1/(-4)). Suppose -c*i + 5 = -85. Suppose 5*l - 5518 + 4763 = -5*s, 21 = 3*s. Calculate the greatest common divisor of l and i.
18
Let g = -135 - -48. Let k be (-12)/(-18)*g/2. Let t be ((3 - k)/(-1))/(-2). What is the greatest common divisor of t and 272?
16
Suppose 267840 = 488*x + 1049*x + 1439*x. Let k(s) = -s**2 - s + 162. Let l be k(0). Calculate the greatest common divisor of x and l.
18
Let c(l) = -9*l**3 - 12*l**2 + 19*l + 3. Let m be c(-4). Calculate the highest common divisor of m and 2.
1
Suppose 10*g - 3972 + 1412 = 0. Let b = -1 - -3. Suppose a + b*i = 32, -128 = -4*a - 4*i + 2*i. Calculate the greatest common divisor of a and g.
32
Let s(j) = j**3 + 10*j**2 + 5*j + 24. Let c be s(-9). Let b be -75*2*(-60)/c. What is the highest common factor of b and 36?
6
Let f(r) = 7 - 2 + 0*r - r - 17. Let g be f(-5). Let n = g + 10. Calculate the highest common divisor of n and 12.
3
Let x be ((-48)/(-7))/((-13)/(-91)). Calculate the highest common divisor of 10976 and x.
16
Let m be (-1)/(1/(-4)) - (2 - 4)*3. What is the highest common divisor of m and 4030?
10
Suppose -15*v - v = 6*v - 1716. Suppose 4*r - 1086 = 2*o, 5*r - 988 = 5*o + 362. What is the highest common factor of v and r?
39
Suppose -5*d = -3*z + 19, 14 = 3*z - 2*d - 8. Suppose -3*i + 64*f + 6 = 61*f, 0 = -5*f + 10. Calculate the highest common divisor of z and i.
4
Suppose -v = 7 - 23. Let x(n) = -14*n - 1 + v*n + 0*n**3 - 10*n**2 + n**3. Let u be x(10). Calculate the greatest common factor of u and 171.
19
Suppose 6*s = 7*s - 1. Let i be s/(2/(-4)) - (12 - 19). Suppose -2*u = -r + 38, -r = -6*r - i*u + 205. Calculate the greatest common divisor of 100 and r.
20
Suppose -3*i + 10*c + 1206 = 13*c, 804 = 2*i - 5*c. What is the highest common divisor of 5762 and i?
134
Let w be ((-1)/(-3))/((-17)/(-153)). Suppose 45*m - 42*m = w. Suppose -s - m = -2, -r + 11 = 2*s. Calculate the highest common divisor of r and 63.
9
Let b = 2434 + -2298. Calculate the greatest common divisor of b and 901.
17
Let c = -13 + 9. Let x be 63/(-6)*c/3. Suppose -144 + 18 = -4*g + 3*w, 0 = -4*g - 5*w + 14. Calculate the highest common divisor of g and x.
7
Let n = -41 + 6. Let a be (-707)/n - 2/10. Calculate the greatest common factor of a and 85.
5
Let r(n) = 2*n**3 + 67*n**2 + 15*n + 501. Let s be r(-30). Calculate the highest common factor of s and 657.
219
Suppose 0 = -5*v + 3*o - 6*o + 61, -2*v + 4*o + 14 = 0. Let j = 4882 + -4871. Calculate the highest common divisor of j and v.
11
Suppose a - 2*a = -n + 42, 0 = -5*n + 3*a + 210. Suppose -k = -3*k + s + 15, 5*k - 4*s - n = 0. What is the highest common divisor of k and 90?
6
Suppose -1 = -2*g + 9. Let x be (-78)/(-4*(g/(-2))/(-5)). Let m = -141 - -167. Calculate the highest common divisor of x and m.
13
Let b(d) = -d**2 - 51*d - 127. Let u(a) = -4*a**3 + 13*a**2 - 19*a - 2. Let w be u(2). Let m be b(w). Calculate the highest common factor of 29 and m.
29
Suppose 3*a - 2375 + 1257 = 2146. Calculate the highest common factor of a and 952.
136
Let p be ((-90)/135)/((-1)/(-3)). Let a be ((-1548)/216)/(p/228). Calculate the highest common divisor of a and 19.
19
Suppose -34*d + 24169 = 56*d - 45131. Calculate the highest common divisor of 938 and d.
14
Let g = -4192 + 4299. What is the highest common factor of 1712 and g?
107
Let y be (-105)/42*8/(-10). Let j(z) = 5*z**2 - 16*z + 27. Let o be j(y). Calculate the highest common divisor of o and 480.
15
Let i(g) = -g**3 + 128*g**2 + 120*g + 1210. Let s be i(129). What is the highest common factor of s and 2303?
49
Let i(r) = 169*r - 1191. Let h be i(7). Suppose 0 = p - 13. Let z = p + h. What is the greatest common factor of z and 5?
5
Let x(k) = -9*k**3 + k**2 - k - 6. Let t be x(-2). Calculate the greatest common factor of 2250 and t.
18
Let s(w) = 4*w**2 - 372*w + 7848. Let j be s(65). Let d(x) = x**2 - x + 8. Let v be d(0). Calculate the greatest common divisor of j and v.
8
Let x = 1 + -1. Suppose w + 5*z - 14 = x, 5*w = 3*z - 17 + 59. Suppose 5*l + 71*l - 5472 = 0. What is the greatest common factor of l and w?
9
Let m = -649 - -658. Let g be 2*148 - (m - 3). Calculate the greatest common divisor of 5 and g.
5
Let l be (-2)/7 + (-88)/(-14). Let x be (8/(-6))/(l/(-9)). Let g(q) = -7*q + 17. Let p be g(2). Calculate the greatest common factor of p and x.
1
Let h(j) = 2*j**2 + 15*j - 2. Let d be h(-11). Let s = d + -71. Suppose -p = -s + 3. Calculate the highest common factor of p and 11.
1
Suppose -l = -0*l - 5. Let v(n) = -n**3 + 8*n**2 + 656*n - 80. Let f be v(-22). What is the greatest common divisor of l and f?
1
Let h(w) = 2*w**2 - 97*w - 59. Let x be h(57). What is the greatest common divisor of 112 and x?
14
Suppose 9*s = 726 + 1164. Let c(n) = 5*n**3 + 2*n - 2. Let a be 6*2/6*1. Let q be c(a). What is the highest common factor of s and q?
42
Suppose 5*x + 17 - 332 = 0. Let v be (24/14)/(1/x). Calculate the greatest common factor of 24 and v.
12
Let x = 1828 - 1788. Calculate the greatest common factor of x and 1660.
20
Let n(t) = 77*t + 612. Let m be n(0). Calculate the highest common factor of m and 9.
9
Suppose 2*h + o - 4*o = 439, -4*h + 867 = 5*o. Let t = -108 + h. Calculate the greatest common divisor of 20 and t.
10
Suppose -407 = -1412*p + 1396*p + 889. What is the highest common factor of 1359 and p?
9
Suppose 3*v + v - 48 = 0. Suppose 5*d + 0*d = 3*f + 127, -12 = 3*f. Suppose d*u - 17*u = 648. What is the greatest common divisor of u and v?
12
Suppose -2*q + 6 = -2*j, -5*q + 0*q - 3*j = 9. Suppose -o + q*o + r = -7, -41 = -3*o - r. What is the highest common factor of o and 444?
12
Suppose 9*n - 8 = 10. Let m = n + 30. Suppose 0 = -8*k + 7*k + m. What is the highest common divisor of 40 and k?
8
Suppose 112 = r + r. Let t be ((-4)/14)/(-34 - 43303/(-1274)). What is the greatest common factor of t and r?
28
Suppose 3*s - 6979 - 15296 = -4*l, 0 = -3*l - 3*s + 16710. Calculate the highest common factor of l and 45.
15
Let s(o) = -o**3 + 23*o**2 - 32*o + 36. Let f be s(21). Suppose -20 = 5*d, -d = -0*l + 5*l - f. Calculate the greatest common divisor of 15 and l.
5
Let t be (-19)/(-4) - 2/(-8). Let p(j) = 20*j**3 + j**2 - j + 1. Let c be p(1). Let r = 23 - c. What is the highest common divisor of r and t?
1
Let y(u) = -u + 1. Let t(o) = 5*o - 29. Let r(h) = -t(h) - 4*y(h). Let z be r(12). Suppose 19*f - z*f = 132. What is the greatest common divisor of 2 and f?
2
Suppose -312*s - 3*c = -308*s - 162, s = 3*c + 48. What is the highest common divisor of 3374 and s?
14
Let f(n) = n**2 - 2*n + 3. Let m be f(4). Let q = -8963 + 8965. What is the highest common divisor of m and q?
1
Let v = 2131 - 1294. Calculate the highest common divisor of 54 and v.
27
Let l = -2533 - -2539. Let x(t) = -t**2 + 8*t - 1. Let n be x(7). Calculate the highest common factor of l and n.
6
Let h(p) = 40*p + 138. Let a = 577 + -559. Let i be h(a). What is the greatest common divisor of i and 39?
39
Let g = -17 - -87. Suppose h + 3*j - 348 = 0, 4*h = 83*j - 78*j + 1205. Calculate the greatest common factor of h and g.
35
Suppose -600 = -48*r + 43*r. Suppose 87*i - 72*i - r = 0. What i